What is the units digit of p?
2
Let l = 37 + -179. Let u = l + 122. What is the units digit of (-1 + 79)/(u/(-20))?
8
Suppose -n = n - 12. Suppose -n*v = v - 2009. What is the units digit of v?
7
Let v = -573 - -1111. Suppose 2*h - 958 - v = 0. What is the hundreds digit of h?
7
Suppose -26007 + 114351 = 18*k - 6*k. What is the hundreds digit of k?
3
Suppose -11*n - 18999 = -20*n. Let h = n + -1488. What is the hundreds digit of h?
6
What is the units digit of 11868/(-23)*2100/(-18)?
0
Suppose -18*k = 25*k - 25069. Suppose -23*n + 4*i = -20*n - k, -3*i = -5*n + 968. What is the tens digit of n?
9
Suppose -9*n - 3*n = -60. Let j(r) = 7 + 7 + 29*r - 2 - n. What is the units digit of j(5)?
2
Let o(u) be the first derivative of -u**4/4 - 5*u**3/3 - 3*u**2 + 9*u + 41. What is the hundreds digit of o(-7)?
1
Let z = -6204 + 11182. What is the hundreds digit of z?
9
Suppose -337*o + 2669216 = -136*o + 618413. What is the tens digit of o?
0
What is the thousands digit of 192086/22 - 128/704?
8
Suppose -12*v + 300951 = -75045 + 32460. What is the ten thousands digit of v?
2
Let a = 12782 + -8142. What is the hundreds digit of a?
6
Suppose -28*i + 5*i - 1564 = 0. What is the tens digit of i/102 - (-2 + (-1607)/3)?
3
Suppose -t = -4*z - 2621, -5*z = 83*t - 78*t - 13055. What is the hundreds digit of t?
6
Let l = 28922 + -24. What is the hundreds digit of l?
8
Let x(o) be the third derivative of -5*o**4/24 + 35*o**3/6 - 21*o**2. Let y be x(7). Suppose 2*q - 7*q + 685 = y. What is the hundreds digit of q?
1
Let k = 736 - 205. Let o = k - -100. What is the hundreds digit of o?
6
Suppose 6 = 17*k - 19*k + 5*d, -4*d + 16 = 4*k. Suppose p - h - 219 = -6, 423 = k*p - h. What is the tens digit of p?
1
Let w = -51800 - -77799. What is the ten thousands digit of w?
2
What is the tens digit of (-4)/((-4)/(-9395))*(-6)/10?
3
Suppose 0 = 12*j - 5089 - 157883. What is the units digit of j?
1
Let j be 4/6*(-3447)/(-6). Suppose -44 = 5*m + 801. Let s = j + m. What is the tens digit of s?
1
Suppose -z + 3 = 1. Suppose -3*n + 1133 = x, -z*n + x + 757 = -0*n. What is the hundreds digit of n?
3
Suppose -3*o - 3 + 15 = 0. Let f be (272/(-4))/o*-7. Suppose 8 - f = -3*y. What is the tens digit of y?
3
Suppose -1981 = -5*o - 2*o. Suppose -o*c = -280*c - 1233. What is the units digit of c?
1
Let j(a) = 73*a**2 - 5*a - 1. Let c be j(-2). What is the tens digit of c + (4 - (5 - 3)) + -7?
9
Suppose -612236 = -19*z + 73208. What is the ten thousands digit of z?
3
Let t be -180*-2*(-1)/(-5). Let n = t - 72. Suppose n = -5*l + l + 3*v + 253, -l + 3*v = -52. What is the units digit of l?
7
Suppose -8*j - 1505 = -3*j. Let i = j - -541. What is the units digit of i?
0
Let y(k) = -6*k**3 + 3*k**2 + k - 2. Let p be y(1). Let g(d) = 18*d**2 + 19*d + 33. What is the hundreds digit of g(p)?
2
What is the tens digit of -7 + -2 - 190/(-2)*5?
6
Let c = -92 - -96. Suppose 772 = 2*k + 4*y, -2*k + c*y + 180 + 568 = 0. What is the hundreds digit of k?
3
Let n be (-1 - -7) + (32 - 26). Suppose -687 = -n*m + 561. What is the units digit of m?
4
Suppose -89*q = -103*q + 48426. What is the thousands digit of q?
3
Let h = 1 + 4. Suppose q + 4*q = 4*o - 762, -h*o + 165 = -q. Let l = q + 260. What is the hundreds digit of l?
1
Let s(r) = 22*r. Suppose h = 4*h + 177. Let n = h + 60. What is the tens digit of s(n)?
2
Let s = 55 + -50. What is the hundreds digit of s*((-843)/(-15))/1?
2
Let x(r) = -r**3 + 15*r**2 - 15*r + 17. Let u be x(14). Suppose -d = 4*s + u, s + 2*d = -2*s + 4. What is the units digit of (((-134)/(-5))/((-5)/25))/s?
7
Let d(k) = -2372*k + 195. What is the units digit of d(-4)?
3
Let q be (-5)/((-15)/(-9)) - -5. Let c(l) = -27 + 5*l**q - 3*l + 3*l**3 - 6*l**2 + 28. What is the units digit of c(3)?
4
Let z(k) = -k**2 - 23*k - 4. Let d be z(-26). Let c = d + 94. Let s(u) = u**3 - 10*u**2 - 8*u - 17. What is the units digit of s(c)?
5
Let t(j) = 91*j**2 + 34*j + 62. What is the units digit of t(9)?
9
Suppose -15*y + 114 = 23*y. What is the tens digit of (297/(-6) + y)/((-3)/64)?
9
Let j be (42*2/(-8))/(4/(-1120)). Suppose 5*x = -i + j, -13*x + i + 1772 = -10*x. What is the hundreds digit of x?
5
Let c = -26 + 104. Suppose c - 58 = 5*v. Suppose -945 + 165 = -v*i. What is the tens digit of i?
9
Let i(d) = 22*d**3 - d**2 - 11*d + 50. What is the hundreds digit of i(7)?
4
What is the tens digit of (2036 - 0)*((-814)/44 + 19)?
1
Let w(m) = -905*m + 200. What is the tens digit of w(-39)?
9
Suppose 0 = 2*d - 3*d - 5*w - 10, 2*d = -w + 25. Suppose d*q + 703 = 2638. What is the hundreds digit of q?
1
Let s = 2036 + -937. Let b = s + -248. What is the hundreds digit of b?
8
What is the ten thousands digit of 647871/32 + (-137)/(-4384)?
2
Suppose 4*g = 3*x + 35, -4*g + 4*x + 30 = 2*x. Suppose 6*q - q - 17 = -4*a, 14 = g*q + 3*a. What is the tens digit of (4 - 3)/(q/69)?
6
Suppose 5*l - x = -1640, 289 = -l + 4*x - 20. Let v = l - -426. What is the units digit of v?
7
Let n be (-18)/(-3) - (-1002 - 2). Suppose 0 = 2*c + 3*j - n, 4*j = 9 - 1. What is the units digit of c?
2
Let v = 202 + -12. Suppose -v = -m + x, 7*x = 2*m + 2*x - 374. What is the units digit of ((-3)/(-6))/(4/m)?
4
Suppose 4*p - 7*p - 12403 = -2*o, p + 4134 = o. What is the hundreds digit of (-4 - 27/(-6)) + p/(-10)?
4
Suppose -3*u = 3*l + 9, 3*l - 3*u = -0*l + 21. Let k be l + (-1 - -62)*-1. What is the hundreds digit of k*(12/(-2) + 4)?
1
Suppose -884 = -3*k - 10*k. Suppose 2*a - 42 = -2*v, 3*a - k = -0*v - 4*v. What is the units digit of (27/4)/(-9) - (-1708)/a?
6
Let b be -2*5*15/50*-4. Suppose b*j - 10*j - x - 322 = 0, 644 = 4*j - 5*x. What is the units digit of j?
1
Suppose -83*u = 11*u - 4507958. What is the thousands digit of u?
7
Suppose -134 = -22*h - 46. Suppose 6*y + 20 = 10*y. Suppose -h*a = -8, -3*b + 34 = -b - y*a. What is the tens digit of b?
2
Let f(w) = -8*w**3 + 4*w**2 + 2*w + 9. Let n(o) = 8*o**3 - 3*o**2 - o - 10. Let i(m) = 3*f(m) + 4*n(m). What is the tens digit of i(4)?
0
Let w(f) = -f**3 - 10*f**2 - 8*f + 12. Let m be w(-9). Let j be ((m - 0) + 1027)*1. Suppose j = 12*o - 98. What is the tens digit of o?
9
What is the units digit of (-3)/30 - ((-33561)/10 + -13)?
9
Let p = -16147 + 17015. What is the units digit of p?
8
Let x = -83 - -64. Let r be (16/(-10))/2 - x/5. Suppose -f = r*q - 610, 3*q - 475 = 5*f + 129. What is the units digit of q?
3
Suppose 2*x = 3*w + x - 1930, 2*w - 3*x = 1296. Let f be (1*w/(-24))/(1/4). What is the units digit of 2*3/(-12)*(f + 1)?
3
What is the hundreds digit of (-146)/(-584) + 2/3 + 444698/24?
5
Let o(y) be the first derivative of y**3 - 2*y**2 - 119*y + 150. What is the units digit of o(16)?
5
Let q be -2*(-1 + (-52 - (0 - -3))). Suppose -2*f + q = -4. What is the units digit of f?
8
Let s(p) = 7*p - 17. Let k be (5/(-4))/((-2)/8). Suppose l + 4 = 5*v, -4*l + 7 = -k*v - 22. What is the tens digit of s(l)?
6
Suppose 4*t = t - 5*q + 7312, -t = -3*q - 2456. Suppose 6110 = 5*u - 5*j, j + j = -2*u + t. What is the units digit of u?
2
Let k = 32 - 29. Suppose -k*h + 109 = -41. Suppose -5*y + h + 125 = 0. What is the tens digit of y?
3
Suppose p + 2*u + 10 = 4*u, -3*p + 2 = 2*u. Let i be (6*p - 2)/(8/(-32)). Suppose 0 = -q + 6 - 4, -3*q = 2*v - i. What is the units digit of v?
5
Suppose z - 133 = v, -3*v - 15 = -0. Let s = 26 + 18. Let c = z - s. What is the tens digit of c?
8
Let d(i) = 273*i + 0 - 146*i - 2. What is the tens digit of d(4)?
0
Let x(v) = -170*v - 5. Let t be x(-4). Suppose -5*h = -4*l + t, -5*h = -4*l + l + 510. What is the units digit of l?
5
Let s(r) = 65 + 6*r**2 - 16*r - 2*r**2 - 3*r + 1. What is the tens digit of s(9)?
1
Suppose -34*u + 31*u = 0. Suppose -14*a + 500 + 46 = u. What is the tens digit of a?
3
Let i(v) be the third derivative of v**7/240 - v**6/90 - 2*v**5/15 - 15*v**2. Let y(n) be the third derivative of i(n). What is the tens digit of y(4)?
7
Suppose 290 = 3*p + 26. Let n = -84 + p. What is the tens digit of 411/n - 7/(-28)?
0
Let l(f) = -6*f**2 - 16*f - 10. Let h(a) = a**2. Let k(q) = -h(q) - l(q). Suppose 42*c - 36 = 48*c. What is the tens digit of k(c)?
9
Suppose -3*a + 87855 = -5*j - 37579, -5*a - 5*j + 209150 = 0. What is the units digit of a?
3
Suppose 5*o = 12*f - 16*f + 1, -3*f - 4*o = 0. What is the hundreds digit of ((92/f)/(-1))/(2/(